nd 83.
83
Calculate the highest common factor of 5746 and 204782.
34
What is the greatest common divisor of 29553540 and 40?
20
What is the greatest common divisor of 1013727345 and 6330?
3165
What is the highest common divisor of 64 and 1353792976?
16
What is the highest common factor of 1125621 and 76347?
153
What is the highest common divisor of 185 and 14387865?
5
What is the greatest common divisor of 586 and 56487177?
293
Calculate the highest common factor of 37697 and 82993.
149
What is the highest common factor of 299872824 and 24?
24
What is the highest common divisor of 1565538 and 4602?
78
Calculate the highest common divisor of 757496 and 3272.
8
What is the highest common divisor of 21520 and 1393958?
538
Calculate the greatest common factor of 4646 and 478440434.
4646
Calculate the highest common divisor of 340 and 108413420.
340
What is the greatest common factor of 786 and 621414351?
393
Calculate the greatest common factor of 1 and 349110953.
1
What is the highest common divisor of 35128 and 23752?
8
Calculate the highest common factor of 3714 and 3653957.
619
Calculate the highest common divisor of 53509113 and 315.
63
Calculate the greatest common divisor of 18016 and 10248852.
2252
What is the greatest common factor of 1560 and 1110627570?
390
What is the greatest common factor of 730438280 and 5687?
5687
Calculate the greatest common divisor of 49190860 and 2980.
2980
What is the highest common divisor of 57190 and 151336178?
11438
Calculate the highest common factor of 445952 and 956224.
4288
What is the greatest common factor of 1120 and 407600?
80
Calculate the highest common factor of 805040570 and 3970.
3970
What is the greatest common divisor of 16212092 and 228?
76
Calculate the greatest common factor of 783 and 841961727.
261
What is the greatest common factor of 546 and 6194258?
14
Calculate the highest common divisor of 68 and 10043821.
17
Calculate the highest common factor of 187543 and 293509.
841
Calculate the greatest common factor of 22243916 and 9303.
443
Calculate the highest common divisor of 2144239 and 2893.
263
Calculate the highest common divisor of 11 and 2016366.
11
Calculate the greatest common divisor of 875 and 56735.
35
What is the greatest common factor of 216265128 and 2190?
438
Calculate the greatest common factor of 2655345 and 83370.
105
Calculate the highest common divisor of 883636 and 52.
52
What is the highest common factor of 954 and 1608885702?
954
What is the greatest common factor of 895 and 258640680?
895
What is the greatest common factor of 130621440 and 5520?
240
What is the greatest common divisor of 745073 and 74165?
1141
Calculate the highest common divisor of 44 and 31912896.
4
Calculate the greatest common divisor of 2356211 and 85371.
143
Calculate the greatest common factor of 2238067 and 82.
41
Calculate the greatest common factor of 24 and 3205256.
8
Calculate the greatest common divisor of 3845496 and 312960.
3912
What is the greatest common factor of 1162026 and 97686?
1458
Calculate the highest common factor of 2155380 and 240.
60
What is the highest common factor of 371728 and 6916?
28
What is the highest common divisor of 680 and 105328940?
340
What is the highest common divisor of 2424 and 27969728?
808
Calculate the greatest common divisor of 536802 and 42.
42
What is the highest common divisor of 22390 and 22340742?
4478
Calculate the greatest common factor of 8 and 10047512.
8
Calculate the greatest common divisor of 7272 and 72234.
18
Calculate the greatest common factor of 487126 and 3495371.
1613
What is the highest common divisor of 1532928 and 36096?
768
What is the highest common divisor of 12 and 995320?
4
Calculate the highest common factor of 4785 and 90422.
29
What is the highest common factor of 84295239 and 735?
147
Calculate the highest common divisor of 199 and 202798313.
199
What is the highest common divisor of 2275 and 9265165?
455
What is the greatest common divisor of 31991954 and 537?
179
Calculate the greatest common factor of 647596 and 152.
76
What is the greatest common divisor of 1309476 and 4097?
17
Calculate the highest common divisor of 28755347 and 1529.
139
Calculate the greatest common divisor of 32 and 380048.
16
What is the greatest common divisor of 160 and 11470500?
20
Calculate the greatest common divisor of 625122 and 1152.
18
What is the greatest common divisor of 8395891 and 28?
7
What is the highest common divisor of 2457 and 11610?
27
What is the greatest common factor of 1654520 and 4655?
665
What is the greatest common divisor of 622 and 627176284?
622
Calculate the highest common factor of 17 and 77336621.
17
Calculate the highest common factor of 33 and 103531868.
11
What is the highest common divisor of 274095 and 1950?
15
What is the greatest common divisor of 501 and 1727114?
167
What is the greatest common factor of 70 and 307000610?
70
Calculate the highest common factor of 245184 and 2316.
12
What is the greatest common factor of 368 and 443728?
16
Calculate the highest common factor of 102 and 2142323.
17
Calculate the greatest common factor of 3861 and 29376347.
143
What is the highest common divisor of 411570 and 97920?
1530
What is the highest common factor of 35286 and 1842?
6
Calculate the highest common divisor of 148749238 and 8.
2
What is the greatest common factor of 23456 and 18325?
733
Calculate the greatest common factor of 2332 and 68423.
53
What is the highest common factor of 5813600 and 16640?
2080
What is the highest common factor of 301996 and 1416156?
2932
What is the highest common factor of 3515565 and 355?
355
Calculate the highest common factor of 1878942 and 3315.
663
Calculate the highest common divisor of 4348575 and 1115695.
8785
Calculate the greatest common divisor of 2084768 and 185686.
454
What is the highest common divisor of 11929 and 4186921?
79
What is the greatest common divisor of 65250 and 32272875?
1125
Calculate the greatest common divisor of 21744512 and 124.
4
What is the highest common divisor of 7482 and 466954114?
2494
Calculate the greatest common divisor of 2689816 and 8.
8
Calculate the greatest common divisor of 56353 and 26513311.
517
Calculate the greatest common divisor of 184732650 and 12150.
4050
What is the greatest common factor of 3036 and 8217264?
132
What is the greatest common factor of 21304 and 49166969?
2663
Calculate the highest common factor of 146624 and 24192.
64
What is the highest common factor of 324016 and 198565?
263
What is the greatest common factor of 1260 and 566328?
84
What is the highest common factor of 2560 and 574576?
16
Calculate the highest common divisor of 648 and 582066.
162
Calculate the greatest common divisor of 581084413 and 7826.
3913
Calculate the highest common factor of 39 and 449791940.
13
Calculate the greatest common divisor of 10511686 and 18.
2
What is the highest common factor of 420 and 3464970?
30
Calculate the greatest common divisor of 10862658 and 18.
18
Calculate the greatest common factor of 11179142 and 26117.
533
Calculate the highest common factor of 553734500 and 100.
100
Calculate the highest common divisor of 94 and 52655557.
47
Calculate the greatest common divisor of 34975892 and 336.
28
Calculate the greatest common factor of 8250 and 5774250.
750
Calculate the highest common divisor of 32956328 and 56.
8
Calculate the highest common divisor of 1261149134 and 70.
14
Calculate the greatest common factor of 117040 and 2775710.
1330
Calculate the greatest common factor of 2749493 and 68647.
3613
What is the greatest common factor of 7835955 and 840405?
4695
Calculate the highest common factor of 330616 and 5243888.
1768
Calculate the highest common factor of 708 and 29802257.
59
What is the greatest common divisor of 3281888 and 1504?
32
What is the highest common factor of 53485979 and 37?
37
What is the greatest common factor of 216335 and 2905?
35
Calculate the highest common factor of 884 and 734084.
52
Calculate the highest common divisor of 508477905 and 828.
207
What is the highest common factor of 12378870 and 450?
90
Calculate the greatest common factor of 22867890 and 510.
510
What is the highest common divisor of 329 and 6273231?
47
Calculate the highest common factor of 2375 and 2